Is 47916086683 prime?
True
Is 168389671 a composite number?
False
Is 249806364155 prime?
False
Is 27207544043 composite?
True
Is 712912441 prime?
False
Is 225123914269 a composite number?
False
Is 216235403 a composite number?
True
Is 223782326941 a prime number?
True
Is 16287721 composite?
False
Is 8397527902 composite?
True
Is 3656294371 a prime number?
True
Is 231774007 prime?
False
Is 1313887669 a prime number?
True
Is 79345778867 a prime number?
False
Is 39635454673 a prime number?
True
Is 604224849 a prime number?
False
Is 174831841 composite?
False
Is 4639521617 a composite number?
False
Is 11961315779 prime?
False
Is 1539583957 prime?
True
Is 258411107 a prime number?
False
Is 14168217142 a prime number?
False
Is 846517613 composite?
False
Is 3967059431 prime?
False
Is 686195249 a prime number?
False
Is 557129697 prime?
False
Is 4144498327 a prime number?
True
Is 1298818867 prime?
False
Is 6683685659 a composite number?
True
Is 1229056189 a composite number?
False
Is 4045689449 a composite number?
False
Is 29750801 composite?
False
Is 178070807 a prime number?
False
Is 1281194141 a prime number?
True
Is 39096292255 prime?
False
Is 672388297 a composite number?
True
Is 213938911 a composite number?
True
Is 364578887 prime?
True
Is 1052728433 a composite number?
False
Is 1148517751 a composite number?
False
Is 11769387659 a composite number?
False
Is 53131152377 a composite number?
True
Is 6531671171 composite?
False
Is 3642674687 prime?
False
Is 96116091657 composite?
True
Is 42370117565 prime?
False
Is 2983262146 prime?
False
Is 513106663 a composite number?
False
Is 1366249499 composite?
False
Is 4977724694 composite?
True
Is 6551066323 composite?
False
Is 334836251 a composite number?
True
Is 488608889 composite?
True
Is 382717633 prime?
False
Is 3588162247 a prime number?
True
Is 1804973281 prime?
True
Is 35560373 a composite number?
False
Is 20827880291 composite?
False
Is 464325663 composite?
True
Is 2799039437 a prime number?
False
Is 1480226011 prime?
False
Is 4305975481 prime?
False
Is 62441377 a composite number?
False
Is 1153067797 prime?
False
Is 144384138289 composite?
False
Is 434506529 composite?
True
Is 2325542 a prime number?
False
Is 190267155997 prime?
True
Is 30697940659 a composite number?
False
Is 218201509 a prime number?
True
Is 277673791 a prime number?
False
Is 3801969809 a prime number?
False
Is 1486942141 prime?
True
Is 112670719111 a composite number?
False
Is 1215401809 a prime number?
True
Is 59087909 a composite number?
False
Is 68113820569 composite?
False
Is 7761930821 composite?
True
Is 40295782493 prime?
False
Is 503663201 a prime number?
True
Is 49982210573 prime?
True
Is 3758469847 composite?
True
Is 1936216523 prime?
False
Is 26538890881 a composite number?
False
Is 17793714097 a composite number?
False
Is 2781201223 a prime number?
False
Is 2911107742 composite?
True
Is 14737091723 prime?
True
Is 86173872319 composite?
False
Is 10534557259 a prime number?
True
Is 4491711911 prime?
True
Is 19281083719 prime?
False
Is 43253223179 a composite number?
False
Is 249948487 a composite number?
True
Is 3946556209 a prime number?
True
Is 774752741 a prime number?
False
Is 189019551859 prime?
True
Is 450674767 a prime number?
False
Is 3011256011 a composite number?
False
Is 33431314951 a composite number?
True
Is 1368926843 composite?
True
Is 11835527539 a prime number?
False
Is 130649580961 a prime number?
False
Is 12060961309 prime?
False
Is 169864119923 a composite number?
False
Is 1445728919 a prime number?
True
Is 1532447347 prime?
False
Is 3395005945 composite?
True
Is 2863094989 a prime number?
False
Is 8612220919 a composite number?
False
Is 129500858 prime?
False
Is 643304269 a composite number?
False
Is 740002993 composite?
True
Is 516508661 prime?
True
Is 97433449 a prime number?
False
Is 2496150803 prime?
True
Is 2149143739 prime?
False
Is 32492369411 prime?
True
Is 72380963 a prime number?
True
Is 9379811087 a prime number?
True
Is 1337928419 a composite number?
False
Is 6047082218 a composite number?
True
Is 1501547161 prime?
False
Is 1586694467 a prime number?
False
Is 6350126777 prime?
True
Is 17447720713 a composite number?
False
Is 2421799561 prime?
True
Is 64172228641 a composite number?
True
Is 2511266421 prime?
False
Is 18427901563 a composite number?
False
Is 689368463 prime?
False
Is 9000499327 composite?
True
Is 131388799 a prime number?
False
Is 113504543 prime?
True
Is 1181374639 composite?
False
Is 3644719789 a prime number?
True
Is 449301205085 a prime number?
False
Is 17921485993 a prime number?
True
Is 10984879897 prime?
True
Is 5870692057 a composite number?
False
Is 99359704441 a prime number?
False
Is 279777523 a composite number?
False
Is 11026717049 a composite number?
True
Is 1276690619 a prime number?
False
Is 338171383 a composite number?
True
Is 358211747 prime?
True
Is 3094422587 a prime number?
False
Is 682309049 prime?
True
Is 2307875023 composite?
True
Is 5691317693 a prime number?
False
Is 15392787871 a composite number?
False
Is 823379393 a prime number?
True
Is 6257765771 a composite number?
True
Is 26100169763 composite?
False
Is 115737506303 a prime number?
True
Is 41346013 composite?
False
Is 15189994063 prime?
True
Is 37729443887 a composite number?
False
Is 5217653999 a composite number?
False
Is 392154847 a prime number?
False
Is 2021058083 composite?
True
Is 26639169877 composite?
False
Is 13904255023 composite?
True
Is 8832991901 prime?
True
Is 14818629079 a composite number?
True
Is 33197605931 prime?
False
Is 720010631 composite?
True
Is 617330113 a prime number?
False
Is 4363359317 prime?
False
Is 3272429579 a prime number?
True
Is 6976292327 composite?
False
Is 192947137 a composite number?
True
Is 8575522199 a composite number?
False
Is 14155952387 a composite number?
False
Is 15007988447 a composite number?
True
Is 83295799 prime?
False
Is 383828983 prime?
True
Is 498971489 a composite number?
False
Is 22904371367 a prime number?
True
Is 82488071 prime?
True
Is 68986138253 prime?
False
Is 28554614513 prime?
True
Is 581192449 prime?
True
Is 3760103221 composite?
True
Is 9218469017 composite?
False
Is 922248787 a prime number?
True
Is 9916698761 a composite number?
False
Is 86782171013 prime?
False
Is 183375827 composite?
True
Is 26849762699 composite?
False
Is 853539781 a prime number?
True
Is 1175345557 a prime number?
False
Is 3702858949 prime?
True
Is 28664461466 a prime number?
False
Is 203005373 a composite number?
False
Is 234025933 a composite number?
False
Is 82023679561 composite?
False
Is 592181237 a composite number?
True
Is 2055111073 prime?
True
Is 1256677691 a prime number?
True
Is 286140300629 a prime number?
True
Is 20597948093 prime?
True
Is 878422423 a prime number?
True
Is 61879786279 composite?
False
Is 3858546589 a prime number?
True
Is 674741359 prime?
False
Is 29822109673 a prime number?
True
Is 883884797 a composite number?
False
Is 302215523 a prime number?
False
Is 25882733287 composite?
True
Is 57295583197 composite?
False
Is 468445683 a prime number?
False
Is 10091527181 prime?
True
Is 5913263053 a prime number?
False
Is 85893823 a composite number?
False
Is 2559369019 prime?
True
Is 2878369139 a prime number?
True
Is 11995131163 a composite number?
True
Is 3434764897 a composite number?
False
Is 132855350189 prime?
True
Is 4009895933 a composite number?
True
Is 6322921993 prime?
True
Is 6475974143 composite?
False
Is 58199707 a composite number?
False
Is 613360543 prime?
False
Is 116082404147 prime?
False
Is 2964132577 prime?
False
Is 10913689153 prime?
True
Is 17867994701 a prime number?
True
Is 13673987303 prime?
True
Is 303887789 a prime number?
True
Is 1021258479 composite?
True
Is 10586109713 a prime number?
True
Is 1042599859 prime?
False
Is 1513986167 prime?
True
Is 1895334967 prime?
False
Is 1105754359 a composite number?
True
Is 86305607 a composite number?
False
Is 8738163077 a prime number?
False
Is 546525038 prime?
False
Is 3457085183 prime?
False
Is 9686430203 composite?
False
Is 17296358 composite?
True
Is 2485768687 a composite number?
True
Is 1879575833 a prime number?
False
Is 2586108223 a composite number?
False
Is 407589163 composite?
False
Is 10125913661 prime?
True
Is 173558111 a composite number